5 = -2*r, 3*k - w = -r - 3*r. What is the remainder when r is divided by 9?
3
Let h(c) = c**3 + c**2 - 4*c + 2. What is the remainder when 24 is divided by h(0)?
0
Let w be 221/52*(0 - 4). Let h = w + 32. What is the remainder when 42 is divided by h?
12
Let i(j) = j**3 - 4*j**2 + 7*j - 5. Calculate the remainder when 60 is divided by i(4).
14
Let r(z) = z**2 + 2*z**2 - z**2 - 3*z - 11 + 3*z**2. What is the remainder when r(-4) is divided by 28?
25
Let b(c) = 29*c - 1 + 1 + 13*c - 1. Let d(g) = g**3 + 27*g**2 + 26*g + 21. Calculate the remainder when b(2) is divided by d(-26).
20
Let s(j) = 2*j**3 + 15*j**2 - 4*j - 25. Calculate the remainder when 207 is divided by s(-7).
51
Suppose 0 = 4*m - 8*l + 7*l + 61, 5 = l. Let h(k) = k**3 + 16*k**2 + 26*k - 9. What is the remainder when 56 is divided by h(m)?
18
Suppose 22 = -3*h + 127. Suppose -n = 3 - 16. What is the remainder when h is divided by n?
9
Suppose 4*i = -i + 25. Suppose -184 = -4*m + 2*n, 0*n = i*m - n - 233. Calculate the remainder when m is divided by (25/4)/(1/4).
22
Let k(a) = -2*a - 4. Calculate the remainder when 6/(-4) + (-110)/88*136/(-20) is divided by k(-5).
1
Suppose 0 = 11*f - 166 - 76. What is the remainder when 43 is divided by f?
21
Let c(h) = 19*h + 3. Let m be 3/6*(3 - -1 - 2). Calculate the remainder when 43 is divided by c(m).
21
Let p be (55/10 + -5)*2. Calculate the remainder when 20 is divided by 208/24 - p/(-2 + -1).
2
Let m(n) be the second derivative of n**5/4 - n**3/2 + n**2/2 - 10*n. What is the remainder when m(2) is divided by 10?
5
Let i = 245 - 229. What is the remainder when 54 is divided by i?
6
Let r(j) = -4*j + 3. Let g(v) = 4*v - 1. Let c be g(1). Let w be r(c). Calculate the remainder when 21 is divided by (w + 3)*(-4)/3.
5
Let h = 46 + 129. What is the remainder when h is divided by 22?
21
Suppose -6*k + 3*k = 33. Let c(t) = -t**3 - 11*t**2 - 5*t - 9. Calculate the remainder when c(k) is divided by 12.
10
Suppose -4*d - 30*c = -31*c - 96, -3*d - c + 79 = 0. Calculate the remainder when 417 is divided by d.
17
Let r = -629 - -648. Let g = -12 + 23. Calculate the remainder when r is divided by g.
8
Suppose 22 = b - 3. Calculate the remainder when b is divided by 261/609 + (-46)/(-7).
4
Let b(o) = 6*o - 72. What is the remainder when b(22) is divided by 15?
0
Let j(c) = 8. Let m(b) = b + 16. Let v(g) = 5*j(g) - 3*m(g). Suppose -148 = -2*n - 22. Calculate the remainder when n is divided by v(-8).
15
Suppose 5*q - 19 = 26. Let k = q + 16. Calculate the remainder when 2*3/3 + 96 is divided by k.
23
Calculate the remainder when 151 is divided by -13*(12 + (-65)/5).
8
Suppose 2*i - 28 = -5*i. Suppose -3*g - 5*o + 41 = 0, -i*g - o + 20 = -12. Calculate the remainder when g is divided by 3.
1
Suppose 0 = m - 5*i + 8, 4*m + 0*m - 12 = -2*i. Suppose 0 = 3*g - 4*g - 23. Calculate the remainder when 40 is divided by 1 - g - (5 - m).
19
Suppose 0 = -14*y - y + 600. What is the remainder when 157 is divided by y?
37
Let h(y) = y**2 + 4*y + 9. Let s be h(-6). Let l = 50 - s. Let t(j) = -j**2 + 8*j - 5. What is the remainder when l is divided by t(3)?
9
Let b = 23 + -2. Calculate the remainder when 37 is divided by b.
16
Let z be (-1)/2*0/11. Suppose z*k - 2*x - 23 = -3*k, 0 = 5*x - 10. Let m = -4 + k. What is the remainder when 12 is divided by m?
2
Suppose 28 = -3*s + 10. Suppose 3*b - 43 = -4. Calculate the remainder when 2 - ((-42)/s)/((-1)/5) is divided by b.
11
Let y(z) = -8*z + 4. Let f be -3*(-2)/3 - -4. Suppose f = -2*u - 0*u. What is the remainder when y(u) is divided by 10?
8
Suppose 2*o - 35 = -5*x, 0 = -4*o + o. Suppose -2*m + 41 - 33 = 0. Suppose 3*j - r - 19 = 0, m*j = r + 7 + 17. Calculate the remainder when x is divided by j.
2
Suppose 62*h = 54*h. Suppose h = -6*i - 21 + 99. Let j(w) = 8*w. What is the remainder when j(6) is divided by i?
9
Suppose -5*u + 5*l + 235 = -2*u, -5*l - 305 = -4*u. Suppose -4*m = -5*c - 56, 0*c + 2*c = -5*m + u. Calculate the remainder when 97 is divided by m.
13
Calculate the remainder when 124 is divided by ((-1152)/54)/((-6)/9).
28
Let t be (-3)/((-18)/(-38))*-9. Suppose 3*z + t = 5*s, -5*s = 4*z - 22 - 42. What is the remainder when s is divided by 5?
2
Let d = 92 - -50. What is the remainder when d is divided by 29?
26
Suppose 0*r - r + 4*g = 22, 98 = -3*r + 4*g. Let s = r - -71. Let a = s - 15. Calculate the remainder when 68 is divided by a.
14
Let l(f) = f**3 + 5*f**2 - f + 7. Let h(s) = s**3 + 3*s + 46. Let j be 6/54 + 20/(-18) + 1. What is the remainder when h(j) is divided by l(-5)?
10
Let w(b) = -b**2 + 7*b. Let f be w(7). Suppose -m + f*m - 5*a = -83, 0 = -3*m - 2*a + 197. What is the remainder when m is divided by ((-1)/(-2))/((-2)/(-52))?
11
Let a = 38 - 26. Let f = -12 + a. Suppose -2*g + g + 9 = f. What is the remainder when 26 is divided by g?
8
Suppose 4*d - 3*a - 440 = 0, -2*d + 218 = -0*a - a. Calculate the remainder when 2351 is divided by d.
104
Suppose -5*g = -5*u + 4*u - 4, u = -5*g - 4. Let p = g + 29. What is the remainder when p is divided by 8?
5
Let g = -178 - -184. Calculate the remainder when 6 is divided by g.
0
What is the remainder when 8 - (-13)/((-91)/(-2590)) is divided by 97?
87
Let v be (533/(-26))/(2/8). Let r = v + 157. Calculate the remainder when r is divided by 19.
18
Let b be 1/2 + (55/10 - 6). Let i(f) = -f + 6. Let w be i(5). Calculate the remainder when 20 is divided by -7*(-1 - b/w).
6
Let t be ((-41)/2 - 1)*-2. Let z = t - 29. Suppose 86*u + 157 = 3*w + 81*u, -1184 = -22*w + 4*u. Calculate the remainder when w is divided by z.
12
Suppose -3*q + 54 + 48 = 0. Let o = -6 + q. What is the remainder when 54 is divided by o?
26
Calculate the remainder when -8*(-12)/(-96)*282/(-2) is divided by 24.
21
Let v(g) = 2*g**2 + 9*g - 2. What is the remainder when 130 is divided by v(-7)?
31
Let f = 3 + -1. Suppose -2*b - 2*t + 46 = -b, 0 = f*b - 4*t - 52. Calculate the remainder when 69 is divided by b.
33
Let a(f) = f + 1. Let v be a(1). Suppose 7*y = v*y + 150. Let b(m) = -m**2 - 22*m + 17. Calculate the remainder when b(-18) is divided by y.
29
Suppose -2*p - 9 = -93. Suppose 3*z - z - p = 0. Calculate the remainder when z is divided by 12.
9
Suppose 3*d + 2*d - 782 = -2*c, d = 2. Calculate the remainder when c is divided by 97.
95
Suppose -g + 4*g = -w + 673, -g - 5*w = -229. Let t = -286 + 331. Calculate the remainder when g is divided by t.
44
Let k(p) = -p**2 + p - 84. Let o be k(0). What is the remainder when -2 - 3/(9/o) is divided by 14?
12
Let q = 89 + 83. Suppose p - 3*y = 49, -5*p + 13*y = 10*y - 281. Calculate the remainder when q is divided by p.
56
Let j(r) = -35*r - 30. What is the remainder when j(-2) is divided by (21/(-3))/((-1)/2)?
12
Suppose -z - 70 = -4*z + 4*i, 3*i + 48 = 2*z. Suppose -2*g + 28 = 100. Let c = 33 - g. What is the remainder when c is divided by z?
15
Suppose 0*n + n - 6 = 0. Suppose -p - 7 - n = q, -p + 2*q - 7 = 0. Let i = 16 + p. Calculate the remainder when 13 is divided by i.
3
Let q be -1 + (-2 - 4/(-2)). Let l be -1 + 3 - q - -34. Suppose -4*t = -2*w + 18, -2*w - 7 = -t - l. Calculate the remainder when 82 is divided by w.
14
Let m(o) = 5*o - 45. Let i be m(11). Suppose 3*t - i*t + 56 = 0. What is the remainder when t is divided by 6?
2
Suppose -28*h = -354 - 94. Calculate the remainder when 26 is divided by h.
10
Suppose -122*a = -121*a. Suppose -2 = -2*l, a = 4*p + 2*l - 54 - 276. What is the remainder when p is divided by 23?
13
Let a(i) = -i**2 - 20*i - 6. Let k be (-96)/4 + 0 + 5. Calculate the remainder when 32 is divided by a(k).
6
Suppose -6219*x + 6210*x + 837 = 0. Calculate the remainder when 194 is divided by x.
8
Let w = -615 - -644. What is the remainder when 84 is divided by w?
26
Let j(b) = 3*b**3 + b**3 + 3*b - 3*b**3 - 7*b**2 - 14 + 10. Calculate the remainder when j(7) is divided by 10.
7
Let a = -41 - -41. Suppose 3*h - g + 85 - 409 = a, g + 542 = 5*h. What is the remainder when h is divided by 28?
25
Suppose -5*a - 2*b + 4 = -389, -a = 5*b - 74. Suppose -3*d + y + 49 = -0*d, 3*d + 5*y - a = 0. What is the remainder when (-10 + 1 + 8)*1*-68 is divided by d?
14
Let k(y) = -7*y - 17. Let m be k(-3). Calculate the remainder when 40 is divided by (-4 + 70/4)*m/6.
4
Let w(b) = -b**3 + 5*b**2 - 3*b - 1. Let l be w(4). Suppos